09408?
0
What is the ten thousands digit of 184490?
8
What is the hundreds digit of 3256728?
7
What is the thousands digit of 6935278?
5
What is the hundreds digit of 530235?
2
What is the millions digit of 1018947?
1
What is the hundred thousands digit of 118782?
1
What is the ten thousands digit of 988802?
8
What is the hundreds digit of 156050?
0
What is the hundred thousands digit of 250269?
2
What is the ten thousands digit of 958808?
5
What is the hundreds digit of 600367?
3
What is the ten thousands digit of 11560?
1
What is the hundred thousands digit of 466520?
4
What is the ten thousands digit of 214572?
1
What is the hundreds digit of 629633?
6
What is the thousands digit of 2466008?
6
What is the thousands digit of 140884?
0
What is the ten thousands digit of 1195979?
9
What is the units digit of 321040?
0
What is the millions digit of 2145429?
2
What is the units digit of 189054?
4
What is the millions digit of 6083030?
6
What is the hundred thousands digit of 14185621?
1
What is the hundreds digit of 127384?
3
What is the thousands digit of 37049779?
9
What is the hundreds digit of 206559?
5
What is the hundreds digit of 23316428?
4
What is the units digit of 285320?
0
What is the tens digit of 1338262?
6
What is the ten thousands digit of 342442?
4
What is the thousands digit of 2670514?
0
What is the tens digit of 746365?
6
What is the units digit of 698203?
3
What is the ten thousands digit of 4763995?
6
What is the tens digit of 4454939?
3
What is the thousands digit of 4798543?
8
What is the thousands digit of 4977569?
7
What is the hundred thousands digit of 3056379?
0
What is the tens digit of 110809?
0
What is the ten thousands digit of 105823?
0
What is the ten thousands digit of 9490980?
9
What is the hundreds digit of 677198?
1
What is the units digit of 507566?
6
What is the thousands digit of 227069?
7
What is the units digit of 349833?
3
What is the millions digit of 1167535?
1
What is the ten thousands digit of 29807660?
0
What is the units digit of 1860077?
7
What is the ten thousands digit of 9425889?
2
What is the millions digit of 8482351?
8
What is the ten millions digit of 31542344?
3
What is the hundred thousands digit of 12956333?
9
What is the ten thousands digit of 1843517?
4
What is the thousands digit of 3189198?
9
What is the hundreds digit of 92852?
8
What is the hundreds digit of 254833?
8
What is the units digit of 473184?
4
What is the units digit of 50998?
8
What is the units digit of 697698?
8
What is the hundreds digit of 7039970?
9
What is the millions digit of 3524770?
3
What is the hundred thousands digit of 223749?
2
What is the thousands digit of 1481908?
1
What is the ten thousands digit of 373460?
7
What is the millions digit of 23073839?
3
What is the hundreds digit of 12670?
6
What is the ten thousands digit of 740490?
4
What is the thousands digit of 6508160?
8
What is the thousands digit of 521060?
1
What is the tens digit of 86904?
0
What is the tens digit of 80905?
0
What is the units digit of 2416514?
4
What is the thousands digit of 799568?
9
What is the tens digit of 2233331?
3
What is the units digit of 287110?
0
What is the hundreds digit of 33713170?
1
What is the millions digit of 9035462?
9
What is the units digit of 125263?
3
What is the units digit of 160017?
7
What is the ten thousands digit of 44815?
4
What is the millions digit of 1203284?
1
What is the ten millions digit of 17725684?
1
What is the hundred thousands digit of 670216?
6
What is the ten thousands digit of 367889?
6
What is the thousands digit of 1118718?
8
What is the ten thousands digit of 148946?
4
What is the thousands digit of 6893348?
3
What is the tens digit of 73176?
7
What is the thousands digit of 11878584?
8
What is the hundreds digit of 304593?
5
What is the hundreds digit of 233756?
7
What is the hundreds digit of 857704?
7
What is the tens digit of 1064627?
2
What is the thousands digit of 1876685?
6
What is the hundreds digit of 18590?
5
What is the hundreds digit of 21911?
9
What is the hundreds digit of 2417895?
8
What is the tens digit of 5286031?
3
What is the hundred thousands digit of 324451?
3
What is the hundreds digit of 1800455?
4
What is the tens digit of 368131?
3
What is the units digit of 17751539?
9
What is the units digit of 205476?
6
What is the tens digit of 12063077?
7
What is the hundreds digit of 3156725?
7
What is the thousands digit of 5551552?
1
What is the tens digit of 9669475?
7
What is the ten thousands digit of 661540?
6
What is the hundred thousands digit of 189083?
1
What is the units digit of 284287?
7
What is the units digit of 2191818?
8
What is the ten thousands digit of 134331?
3
What is the millions digit of 7560171?
7
What is the thousands digit of 1187786?
7
What is the thousands digit of 512605?
2
What is the units digit of 746498?
8
What is the ten thousands digit of 61162?
6
What is the ten thousands digit of 35804380?
0
What is the thousands digit of 5433051?
3
What is the hundred thousands digit of 993633?
9
What is the tens digit of 4251732?
3
What is the units digit of 1657534?
4
What is the hundred thousands digit of 2730901?
7
What is the ten thousands digit of 394075?
9
What is the hundreds digit of 1532761?
7
What is the ten thousands digit of 258518?
5
What is the hundreds digit of 506497?
4
What is the tens digit of 193272?
7
What is the hundreds digit of 3730265?
2
What is the hundreds digit of 731544?
5
What is the tens digit of 292985?
8
What is the ten thousands digit of 149784?
4
What is the hundreds digit of 124162?
1
What is the hundred thousands digit of 463267?
4
What is the tens digit of 184000?
0
What is the hundreds digit of 1307526?
5
What is the millions digit of 2717893?
2
What is the thousands digit of 2628608?
8
What is the thousands digit of 5581269?
1
What is the units digit of 7957955?
5
What is the tens digit of 1109996?
9
What is the tens digit of 156317?
1
What is the hundreds digit of 4907154?
1
What is the hundreds digit of 988813?
8
What is the units digit of 850062?
2
What is the hundreds digit of 17693709?
7
What is the thousands digit of 913841?
3
What is the tens digit of 92901?
0
What is the units digit of 13697826?
6
What is the hundred thousands digit of 1318955?
3
What is the units digit of 8628919?
9
What is the thousands digit of 12791984?
1
What is the hundred thousands digit of 325983?
3
What is the tens digit of 5989952?
5
What is the units digit of 588041?
1
What is the millions digit of 1022351?
1
What is the units digit of 4371338?
8
What is the thousands digit of 1623517?
3
What is the hundreds digit of 8332843?
8
What is the ten thousands digit of 13392463?
9
What is the hundred thousands digit of 1528765?
5
What is the tens digit of 133099?
9
What is the millions digit of 5632061?
5
What is the hundred thousands digit of 7413857?
4
What is the thousands digit of 2541979?
1
What is the thousands digit of 15092744?
2
What is the thousands digit of 320514?
0
What is the ten thousands digit of 6691489?
9
What is the tens digit of 2494022?
2
What is the ten thousands digit of 602815?
0
What is the thousands digit of 3005449?
5
What is the thousands digit of 4969248?
9
What is the ten thousands digit of 398231?
9
What is the hundred thousands digit of 7310594?
3
What is the hundred thousands digit of 478722?
4
What is the units digit of 994238?
8
What is the millions digit of 2491478?
2
What is the hundred thousands digit of 5075444?
0
What is the units digit of 219711?
1
What is the hundred thousands digit of 8424452?
4
What is the thousands digit of 454925?
4
What is the thousands digit of 5820642?
0
What is the tens digit of 2954661?
6
What is the hundred thousands digit of 1471003?
4
What is the units digit of 6098848?
8
What is the ten thousands digit of 4948795?
4
What is the thousands digit of 128974?
8
What is the tens digit of 3448875?
7
What is the hundreds digit of 8492356?
3
What is the hundred thousands digit of 29212224?
2
What is the tens digit of 57626?
2
What is the hundreds digit of 25094032?
0
What is the hundreds digit of 218697?
6
What is the units digit of 5051248?
8
What is the hundred thousands digit of 960651?
9
What is the tens digit of 479?
7
What is the ten millions digi